5).
278
Let t(m) = -m**2 + 51*m - 77. What is t(49)?
21
Let r(n) = -2*n**3 + 30*n**2 - 100*n - 68. Give r(9).
4
Let l(h) = 5*h**3 - 232*h**2 - 143*h + 64. Calculate l(47).
-30
Let y(t) = 2*t**2 - 39*t + 97. Calculate y(24).
313
Let y(d) = 3*d**2 + 387*d + 2912. Give y(-121).
8
Let g(a) = 3*a**2 - 293*a + 2005. Calculate g(7).
101
Let y(d) = 6*d**2 + 31*d - 302. Give y(5).
3
Let p(v) = 40*v - 665. Determine p(17).
15
Let a(h) = h**3 + 8*h**2 + 23*h + 63. What is a(-5)?
23
Let x(t) = -467*t + 32697. What is x(70)?
7
Let y(x) = x**2 + 21*x + 212. Give y(-20).
192
Let j(x) = 94*x + 3362. Calculate j(-36).
-22
Let u(v) = -11*v**3 - 4*v**2 - 40*v - 69. Calculate u(-2).
83
Let s(x) = -7*x**2 - 31*x - 49. Calculate s(-4).
-37
Let u(c) = -c**3 + 5*c**2 + 66*c - 355. What is u(7)?
9
Let m(x) = -2*x**3 - 2*x**2 + 44*x + 3. Determine m(0).
3
Let m(r) = r**3 - 19*r**2 + 47*r - 234. Determine m(17).
-13
Let l(i) = 3*i**2 + 470*i - 1018. Calculate l(-159).
95
Let s(c) = -3*c**2 + 2*c + 138. Calculate s(0).
138
Let w(a) = 520*a - 292. Give w(1).
228
Let h(b) = -443*b + 3837. Calculate h(8).
293
Let h(f) = 27*f**2 + 894*f + 100. What is h(-33)?
1
Let g(d) = -d**2 + 35*d + 13. Give g(32).
109
Let f(s) = -172*s**2 - 2*s + 2. Determine f(-1).
-168
Let k(g) = 5*g - 678. Calculate k(-37).
-863
Let k(d) = -d**2 - 17*d + 118. Determine k(5).
8
Let o(k) = -2*k**2 + 73*k - 110. Determine o(35).
-5
Let c(s) = s**2 - 4*s - 42. Determine c(-5).
3
Let a(x) = -38*x**3 - 2*x**2 + x + 3. Give a(-1).
38
Let a(d) = 29*d - 16. Calculate a(2).
42
Let r(d) = -6*d - 116. What is r(-21)?
10
Let h(i) = i**3 + 6*i**2 - 52*i + 491. Calculate h(7).
764
Let y(f) = f**2 - 1101*f - 11116. Determine y(-10).
-6
Let w(s) = -s**3 - 4*s**2 - 62*s - 173. What is w(-3)?
4
Let j(o) = 93*o - 4367. Calculate j(47).
4
Let a(u) = -2*u**3 - 7*u**2 + 29*u + 21. Calculate a(-6).
27
Let z(d) = -3*d**2 + 14*d + 582. Calculate z(-12).
-18
Let h(x) = -x**2 - 25*x - 14. What is h(-23)?
32
Let v(d) = -179*d + 181. Give v(1).
2
Let o(p) = 47*p**2 - 106*p + 28. Determine o(2).
4
Let z(p) = -2*p**2 - 3*p + 49. Give z(-8).
-55
Let k(s) = -10122*s + 60723. Determine k(6).
-9
Let q(g) = -11*g**3 + 20*g**2 + 8*g - 1. Give q(2).
7
Let j(i) = -i**3 - 12*i**2 - i - 24. Determine j(-11).
-134
Let z(k) = 60*k + 452. What is z(-8)?
-28
Let v(u) = -9*u**3 - 2116*u**2 - 221*u + 3283. Determine v(-235).
-7
Let y(o) = -11*o - 235. What is y(21)?
-466
Let p(h) = 42*h**2 + 429*h - 23. Calculate p(-10).
-113
Let k(f) = 199*f - 3587. Determine k(18).
-5
Let o(c) = -2*c**3 + 8*c**2 - 8*c + 39. What is o(4)?
7
Let r(u) = 2*u**3 + 12*u**2 + 16*u + 125. What is r(-8)?
-259
Let w(z) = -z**3 - 67*z**2 - 367*z - 68. What is w(-61)?
-7
Let x(s) = -8*s + 380. Calculate x(34).
108
Let k(g) = g**3 + 209*g**2 - 642*g - 1265. Give k(-212).
7
Let a(o) = o**3 + 23*o**2 - 53*o - 1238. Determine a(-23).
-19
Let x(k) = 23*k + 3386. Calculate x(-154).
-156
Let v(f) = -10*f + 114. Determine v(-25).
364
Let u(q) = 249*q**2 - 1019*q + 6. What is u(4)?
-86
Let y(w) = 7*w**2 + 143*w + 56. Calculate y(-20).
-4
Let b(d) = d**2 + 158*d - 766. What is b(5)?
49
Let g(x) = 75*x**2 + 48*x + 124. Give g(-3).
655
Let a(g) = 6*g**2 - 6*g - 3. What is a(0)?
-3
Let z(r) = 17*r - 2292. Give z(130).
-82
Let t(f) = 29*f**2 - 177*f + 16. What is t(6)?
-2
Let m(y) = -1675*y - 204342. Give m(-122).
8
Let i(b) = -26*b + 138. Calculate i(6).
-18
Let k(t) = -44*t + 1497. What is k(34)?
1
Let p(s) = 422*s - 2575. Calculate p(6).
-43
Let x(d) = d**3 + 7*d**2 + 20*d + 119. Calculate x(-8).
-105
Let b(j) = 2*j**2 + 572*j + 40667. Give b(-132).
11
Let t(l) = 6*l + 118. What is t(-20)?
-2
Let u(b) = -2*b**2 - 31*b + 39. Calculate u(-19).
-94
Let r(n) = 61*n + 288. Give r(-5).
-17
Let g(m) = m**3 - 70*m**2 + 136*m - 61. Determine g(68).
-61
Let t(i) = i**2 - 41*i - 134. Determine t(-10).
376
Let j(g) = g**3 + 70*g**2 + 8*g + 655. What is j(-70)?
95
Let v(b) = 2*b**3 + 92*b**2 + 2*b + 101. Determine v(-46).
9
Let f(i) = 60*i - 1581. Give f(22).
-261
Let q(x) = 5*x - 283. Calculate q(62).
27
Let h(o) = 2*o**3 - 11*o**2 - 30*o - 3. Calculate h(-2).
-3
Let g(o) = -81*o - 3651. Give g(-45).
-6
Let q(v) = -2*v**2 - 184*v + 13. Determine q(0).
13
Let r(d) = -811*d + 37317. What is r(46)?
11
Let t(x) = -2*x**3 + 112*x**2 + 119*x - 289. What is t(57)?
-4
Let y(i) = i**3 + 51*i**2 - 119*i - 112. Give y(-53).
577
Let c(p) = p**2 + 16*p - 3. What is c(-17)?
14
Let z(t) = -2*t**2 - 126*t - 771. Determine z(-56).
13
Let t(c) = -c**3 - 19*c**2 - 17*c - 162. Calculate t(-18).
-180
Let s(t) = -t**2 - 187*t + 4507. Determine s(-208).
139
Let g(s) = s**3 + 8*s**2 - 21*s + 9. What is g(-10)?
19
Let n(o) = -o**2 + 124*o + 1059. What is n(-8)?
3
Let c(h) = -h**2 + 43*h + 624. What is c(-15)?
-246
Let f(q) = -71*q - 268. Determine f(-6).
158
Let u(v) = 3*v**2 - 111*v - 122. Calculate u(38).
-8
Let r(a) = 24*a**2 + 455*a - 41. What is r(-19)?
-22
Let y(x) = x - 36. What is y(-39)?
-75
Let t(n) = -26*n**2 - 53*n - 110. What is t(-4)?
-314
Let r(q) = -q**2 + 40*q + 215. Give r(45).
-10
Let r(f) = 275*f - 3005. Determine r(11).
20
Let i(l) = l**3 + 2*l**2 - 10*l - 21. Give i(-6).
-105
Let t(y) = 2*y**3 - 5*y**2 - 7*y - 31. Calculate t(4).
-11
Let r(m) = -8*m**2 - 37*m + 8. Determine r(-5).
-7
Let h(w) = w**3 + 128*w**2 + 491*w - 654. What is h(-124)?
-34
Let a(g) = -g**3 + 76*g**2 + 568*g + 6. Calculate a(-7).
97
Let u(q) = -q**2 + 301*q - 12354. What is u(49)?
-6
Let y(b) = -1159*b + 10427. What is y(9)?
-4
Let b(v) = v**3 + 3*v**2 + 3*v + 3. Calculate b(-2).
1
Let b(d) = d**2 - 42*d + 277. Give b(8).
5
Let v(l) = 418*l - 3768. Give v(9).
-6
Let s(z) = z**3 + 69*z**2 + 32*z + 2140. What is s(-69)?
-68
Let h(d) = 5*d**3 - 9*d**2 - 95*d - 130. Calculate h(-2).
-16
Let v(w) = 16*w**2 - 2*w - 17. Calculate v(-5).
393
Let y(l) = -2*l**3 + 47*l**2 - 6*l + 10. What is y(0)?
10
Let j(g) = -103*g + 98. Calculate j(1).
-5
Let z(n) = -316*n + 1274. What is z(4)?
10
Let n(c) = -6*c - 267. What is n(-30)?
-87
Let v(c) = 768*c + 7681. Give v(-10).
1
Let z(d) = 4*d**2 - 27*d - 474. Determine z(-8).
-2
Let s(p) = 28*p**3 + 253*p**2 + 9*p + 33. Give s(-9).
33
Let a(r) = r**3 - 20*r**2 + 55*r - 11. Calculate a(17).
57
Let o(v) = -v**3 - 35*v**2 + 122*v + 296. Give o(-38).
-8
Let v(p) = -p**2 + 18*p - 11. Calculate v(0).
-11
Let d(r) = 7*r**3 + 14*r**2 - 37*r - 118. Give d(-3).
-70
Let j(g) = 292*g - 2916. Give j(10).
4
Let k(m) = 6*m**2 - 5*m + 9. Determine k(4).
85
Let n(x) = 42*x - 698. Give n(14).
-110
Let v(n) = -7*n + 43. Give v(-8).
99
Let j(z) = -20*z - 830. What is j(-30)?
-230
Let l(u) = u**3 + 17*u**2 - 17*u + 399. Determine l(-19).
0
Let u(v) = 148*v**2 + 566*v - 120. What is u(-4)?
-16
Let g(q) = 4*q**3 - 127*q**2 + 94*q - 52. What is g(31)?
-21
Let l(a) = a**2 - 21*a - 262. What is l(32)?
90
Let b(q) = -q**3 + 62*q**2 - 116*q - 226. Give b(60).
14
Let b(y) = y**3 + y**2 + 21*y + 75. What is b(-3)?
-6
Let a(n) = -9*n**3 - 14*n - 25. What is a(-2)?
75
Let g(k) = 9*k**2 + 2*k + 39. Give g(-4).
175
Let i(s) = -78*s - 391. What is i(0)?
-391
Let v(i) = 10*i**2 - 1117*i - 3801. Give v(115).
-6
Let q(z) = 60*z + 1381. Calculate q(-21).
121
Let i(m) = -m**3 - 20*m**2 - 7*m - 828. Give i(-22).
294
Let s(j) = -10*j**2 - 2*j - 158. What is s(0)?
-158
Let x(s) = 411*s + 16. Give x(2).
838
Let f(c) = c**2 - 13*c - 1608. Give f(47).
-10
Let w(h) = h**3 + 43*h**2 + 435*h + 69. What is w(-27)?
-12
Let l(r) = -r**2 - 69*r - 874. Calculate l(-17).
10
Let x(a) = 8*a**2 + 43*a + 19. What is x(-4)?
-25
Let r(f) = 2*f**3 - 20*f**2 - 5*f - 522. Calculate r(12).
-6
Let r(s) = 6*s + 21. What is r(33)?
219
Let w(t) = t**3 - 20*t**2 - 76*t + 200. Give w(23).
39
Let x(r) = 2*r + 79. Calculate x(-13).
53
Let i(j) = 4*j**2 - 600*j - 566. Calculate i(151).
38
Let p(y) = -200*y + 188. Give p(1).
-12
Let k(w) = -w**2 - 4*w + 15. Give k(-7).
-6
Let i(q) = 6*q**2 + 30*q - 91. Calculate i(4).
125
Let o(q) = 4*q**3 - 54*q**2 + 80*q - 86. What is o(12)?
10
Let d(k) = 104*k + 274. Give d(-2).
66
Let b(k) = 9*k**2 - 161*k + 146. What is b(18)?
164
Let g(q) = 24*q**2 + 116*q - 34. What is g(-5)?
-14
Let o(p) = 15*p + 77. What is o(-13)?
-118
Let j(u) = -u**2 + 848*u + 2538. Calculate j(-3).
-15
Let h(g) = -2*g**2 - 22*g + 247. Give h(9).
-113
Let 